the remainder when (-5736)/(-60)*10/4 is divided by 8?
7
Let o = -592 - -652. What is the remainder when 119 is divided by o?
59
Let t be 20/(-4) + 1 + 4. What is the remainder when -9*((-8)/(-12))/(-1) - t is divided by 3?
0
Let o(a) = -3*a**3 + 27*a**2 - 20*a - 15. Calculate the remainder when 237 is divided by o(8).
16
Suppose 3*p + 8*y - 21 = 5*y, 4*y - 36 = -5*p. Suppose 3*l + l - 2 = g, 5*l + 3*g - 11 = 0. Calculate the remainder when p is divided by l/3 - (-16)/6.
2
Let g(s) = -s**3 + 7*s**2 - 7*s + 9. Let x be g(6). Let i = -34 - -59. What is the remainder when i is divided by (-2 + x)*(12/3 + 3)?
4
What is the remainder when 149 is divided by 18/33 + (-824)/(-22)?
35
What is the remainder when 75 is divided by -2 + 6 + 5 - 0?
3
Let u(o) = 2*o - 10. Let b = 5 + -4. Suppose 4*y - 2*z = 106, 74 - b = 2*y + 3*z. What is the remainder when y is divided by u(13)?
13
Suppose -z - 72 = -4*a + 4*z, 3*a = -3*z + 81. Suppose -25 = -3*p - 1. Suppose 0 = p*d - 4*d - 364. What is the remainder when d is divided by a?
22
Let a = 0 - 1. Calculate the remainder when (-1)/(16/18 + a) is divided by ((-28)/35)/((-20)/125).
4
Let k(x) = -x**3 + 12*x**2 - 10*x - 27. What is the remainder when k(9) is divided by 22?
16
Calculate the remainder when (-130)/42*-3 - 52/182 is divided by 3/(((-6)/(-16))/1).
1
Suppose 25 = 5*n - 15. Let o(x) = -x**2 + 14*x + 16. What is the remainder when o(n) is divided by 34?
30
Let k = -26 + 38. Let g(t) = t**3 - 4*t**2 + 2*t + 6. Let c be g(5). Calculate the remainder when (2 - c/4)*-4 is divided by k.
9
Suppose 139 = 11*l + 18. Suppose -3*j = 4*i - 131, 5*j + 3*i - 269 = -58. Calculate the remainder when j is divided by l.
8
Suppose 432 = 33*m + 135. Calculate the remainder when 22 is divided by m.
4
Let u(q) = -q**3 - 4*q**2 + 6*q + 15. Let j be u(-4). Let i(f) = f**3 - 7*f**2 - 7*f + 10. Calculate the remainder when 15/j*-14*3 is divided by i(8).
16
Let f = 71 + -55. Calculate the remainder when 78 is divided by f.
14
Let i(z) = -z**3 - 3*z**2 + 8*z + 13. Calculate the remainder when 289 is divided by i(-6).
70
Suppose -29*u - 136 + 629 = 0. What is the remainder when u is divided by 11?
6
Let q be 0/2*8/(-24). Suppose -v + p = q, 0 = -0*v - v + 2*p + 2. What is the remainder when (2 + -3)*(-17 + v) is divided by 10?
9
Let i be ((-636)/15)/(10/25). Let o = -86 - i. Calculate the remainder when 34 is divided by o.
14
Suppose -5*m = f - 55, -f - 29 = -m - 12. What is the remainder when 57 is divided by m?
9
Let h(z) = -46*z + 62. Calculate the remainder when 192 is divided by h(1).
0
Suppose d + s = 6, 0*d + 3*d - 4*s + 10 = 0. Let v(u) = 0*u**3 - 2*u + u**3 - 4*u**3 - 4 + 4*u**3 + 13*u**d. What is the remainder when v(-13) is divided by 6?
4
Let l = -391 + 511. What is the remainder when l is divided by 36?
12
Suppose 20*b + 256 = 28*b. What is the remainder when 148 is divided by b?
20
What is the remainder when 1 - (5 - 3) - -168 is divided by (8 + -3)*51/(-15)*-2?
31
Let k(l) = 3 - 6 + 4 + 2*l**2 + 17*l**2. Calculate the remainder when 79 is divided by k(1).
19
Suppose -2*l + 2 = -18. Suppose -f - l = -43. Calculate the remainder when 129 is divided by f.
30
Suppose 3*j - 1 = 2. Calculate the remainder when (12 - 8) + j*13 is divided by 5.
2
What is the remainder when ((-341)/93)/((-2)/54*1) is divided by 40?
19
Suppose -5*f + f = 0. Suppose 5*g + f*g + 2 = -c, -2*c - 4 = -3*g. What is the remainder when 81 is divided by -23*(1 + -2) + c?
18
Let a(b) = 1059*b - 3. Let d be a(1). What is the remainder when (-6)/9 - d/(-18) is divided by 20?
18
Suppose 4*z - 5*w - 42 = 0, 2*z + w = -3*w + 8. Suppose 3*x + 15 = z*x. Let m(f) = 4*f - 1. What is the remainder when m(3) is divided by x?
2
Suppose -61 - 56 = -3*v. Let h = v + -34. Calculate the remainder when 29 is divided by h.
4
Suppose -792 = w - 9*w. What is the remainder when w is divided by 15?
9
Suppose 100 = z - 4*n, 3*z - 4*z = 4*n - 92. What is the remainder when z is divided by 35?
26
Let q(t) = 69*t**2 + 6*t + 5. Let f be q(-1). What is the remainder when 3/(6/f) - (6 + -3) is divided by 2?
1
Suppose -2*x + 576 = -2*p, -3*x + 180 = 4*p - 705. What is the remainder when x is divided by 50?
41
Suppose -728 = -7*x + 399. Let y = -93 + x. Suppose -4*v = y - 184. Calculate the remainder when v is divided by 10.
9
Let a(j) = -10 - 1 + 5*j + 21. Let y be a(-9). Let w = -33 - y. What is the remainder when 5 is divided by w?
1
Suppose -162 = -29*m + 23*m. What is the remainder when 52 is divided by m?
25
Let x(o) = -3*o**2 + o - 6. Let l be x(-5). What is the remainder when l*(2 + -3) + -2 is divided by 17?
16
Let a(q) = q**2 - 2*q - 37. Calculate the remainder when a(-6) is divided by 5.
1
Let f be (-8)/(-4) - (2 - 3). Suppose -5 - f = 4*z. What is the remainder when 43 is divided by 23 - (z + (-4)/(-2))?
20
Suppose -n - p - 25 = 26, 0 = -5*p - 10. Let z = -1 - n. Suppose j + 3*s + 0 - 4 = 0, 2*s + z = 2*j. Calculate the remainder when 73 is divided by j.
16
Let g = 30 + -23. Suppose -g*j = -6*j + 1. Calculate the remainder when 62 is divided by j/(1*2/(-42)).
20
What is the remainder when 1/7 + 110/14 is divided by 4*((-1)/10)/(10/(-75))?
2
Let l(j) be the first derivative of j**4/4 + 2*j**3 - 3*j**2 - j - 3. Let z be (-4)/16 + 31/(-4) + 2. Calculate the remainder when l(z) is divided by 9.
8
Let i = -3 - -14. Let g(f) = -2*f + 10. Let h be g(i). Let m = 20 + h. What is the remainder when 13 is divided by m?
5
Let c = 78 - 72. What is the remainder when c is divided by 5?
1
Let f = -7 - -12. Let s = f - -38. Suppose -5*a - 2*y = -45, 0 = 2*a - 4*a - y + 17. What is the remainder when s is divided by a?
10
Let w(t) = t**3 - 4*t**2 - 3. Let k be w(4). Let p = k + 13. What is the remainder when p is divided by 20/(-30)*1/2*-21?
3
Suppose q - 7 = 5*d, -q + 11 = 2*d - 3*d. What is the remainder when q is divided by 7?
5
Let x be ((-3)/(-2))/((-3)/(-6)). Suppose -x*l = l - 324. Let u(k) = -3*k + 6. What is the remainder when l is divided by u(-5)?
18
Let f(t) = 29*t + 61. Let u(l) = 15*l + 30. Let c(g) = -4*f(g) + 7*u(g). Suppose -n + 52 = -9. What is the remainder when n is divided by c(-6)?
29
Suppose -5*n + 24 - 4 = 0. Suppose -3*x - 3*c - 9 = -x, -5*c = n*x + 15. Let z = x - -5. Calculate the remainder when 8 is divided by z.
3
Suppose -17 = -5*h + 133. Let n be (-4)/(-20) - 42/10. What is the remainder when 13 is divided by 108/h + n/(-10)?
1
Let n = -93 - -126. Calculate the remainder when 101 is divided by n.
2
Let s = -1 - -7. Let c(i) = 2*i**2 + i - 3. Let h(f) = 30*f - 11. Calculate the remainder when c(s) is divided by h(1).
18
Let v = 3 + 1. Suppose -5*k + 3*n = -2*k - 3, 2*n - v = 4*k. What is the remainder when (-34)/k*(0 - -3) is divided by 12?
10
Suppose 11 = l + 5*v, 2*l + 0*v + 3*v - 15 = 0. Suppose 6*b - 2 = 5*b. Calculate the remainder when l is divided by b.
0
Calculate the remainder when (28 - -9) + (2 - 12) is divided by 5.
2
Suppose -233 - 151 = -12*h. Calculate the remainder when 188 is divided by h.
28
Suppose 7*j = 3*j - y + 9, 2*j + 3 = -3*y. Suppose 6 - 2 = o. Suppose -o*v = 4*d - 28, -2 = -v - 5. Calculate the remainder when d is divided by j.
1
Suppose -2687 = 118*t - 6699. Let s = 3 - 2. Suppose -7*w + s + t = 0. Calculate the remainder when 8 is divided by w.
3
Let c(k) = 7*k**2 + 5*k - 32. Calculate the remainder when c(4) is divided by 44.
12
Let p(r) = r**3 + 14*r**2 + 22*r + 5. Let i = 2 - -3. Calculate the remainder when p(-12) is divided by i.
4
Let n(x) = 15*x + 58. Calculate the remainder when n(5) is divided by 20.
13
Let f = -343 - -412. What is the remainder when f is divided by 8?
5
Suppose 513 = 4*j + y, -6*y + 7*y + 132 = j. Let w be 1 + (-11*5 - -1). Let i = j + w. What is the remainder when i is divided by 26?
24
Let s = -26 - -30. Suppose -4*f - 1 + 22 = 3*w, w + 41 = s*f. Let i(p) = 3*p**2 + 3*p - 1. Calculate the remainder when i(-4) is divided by f.
8
Let r = 819 - 783. Calculate the remainder when 51 is divided by r.
15
Suppose -24*c + 3*c = -4179. Calculate the remainder when c is divided by 20.
19
Let y(k) = -k + 17. Let l be (-2)/(4 + 27/(-6)). What is the remainder when (-3)/(-1) - 1 - (-45 - 0) is divided by y(l)?
8
Let x = 2689 + -2516. Calculate the remainder when x is divided by 48.
29
Calculate the remainder whe